nder when 18901934 is divided by 18901858.
76
What is the remainder when 98796019 is divided by 26?
23
Calculate the remainder when 395749 is divided by 965.
99
What is the remainder when 78651992 is divided by 35?
27
Calculate the remainder when 14942 is divided by 937.
887
Calculate the remainder when 406404 is divided by 6552.
180
What is the remainder when 9859 is divided by 66?
25
What is the remainder when 39432 is divided by 13136?
24
What is the remainder when 2866724 is divided by 318523?
17
What is the remainder when 2443002 is divided by 1603?
30
What is the remainder when 28171890 is divided by 276195?
0
Calculate the remainder when 413942 is divided by 261.
257
Calculate the remainder when 22155428 is divided by 11077699.
30
Calculate the remainder when 910910 is divided by 169.
0
Calculate the remainder when 21837347 is divided by 2234.
2231
Calculate the remainder when 44783637 is divided by 264.
261
Calculate the remainder when 372080 is divided by 160.
80
What is the remainder when 6129125 is divided by 504?
485
What is the remainder when 10845891 is divided by 2678?
2669
What is the remainder when 27663 is divided by 5097?
2178
What is the remainder when 254894 is divided by 3974?
558
Calculate the remainder when 1572108 is divided by 123.
45
Calculate the remainder when 2261233 is divided by 78.
13
What is the remainder when 39984035 is divided by 8953?
8890
What is the remainder when 103646 is divided by 4934?
32
Calculate the remainder when 588895 is divided by 14111.
10344
Calculate the remainder when 76897 is divided by 5632.
3681
Calculate the remainder when 10571 is divided by 24.
11
Calculate the remainder when 53946157 is divided by 26973070.
17
Calculate the remainder when 33646333 is divided by 109.
104
Calculate the remainder when 10925955 is divided by 420228.
27
What is the remainder when 49863 is divided by 3974?
2175
Calculate the remainder when 464581 is divided by 189.
19
Calculate the remainder when 388447 is divided by 20426.
353
What is the remainder when 243713 is divided by 130?
93
What is the remainder when 734868 is divided by 467?
277
Calculate the remainder when 1616421 is divided by 166.
79
What is the remainder when 352494 is divided by 352486?
8
What is the remainder when 343142 is divided by 32?
6
Calculate the remainder when 30173652 is divided by 5.
2
What is the remainder when 243153 is divided by 1291?
445
Calculate the remainder when 2907365 is divided by 540.
5
Calculate the remainder when 1351856 is divided by 2109.
2096
What is the remainder when 2197304679 is divided by 29?
25
Calculate the remainder when 10148324 is divided by 63.
32
Calculate the remainder when 433232 is divided by 10302.
548
Calculate the remainder when 30242511 is divided by 2174.
2171
Calculate the remainder when 5827 is divided by 3949.
1878
What is the remainder when 2101292 is divided by 3090?
92
Calculate the remainder when 1342818 is divided by 447606.
0
What is the remainder when 446748 is divided by 219425?
7898
What is the remainder when 559450 is divided by 1298?
12
Calculate the remainder when 13009853 is divided by 2601969.
8
What is the remainder when 1818166 is divided by 1818158?
8
What is the remainder when 2773496 is divided by 430?
426
Calculate the remainder when 1331718 is divided by 1160.
38
What is the remainder when 1096392 is divided by 137041?
64
What is the remainder when 24758215 is divided by 1178962?
13
Calculate the remainder when 614260 is divided by 61408.
180
What is the remainder when 10828228 is divided by 55529?
73
What is the remainder when 15759 is divided by 14654?
1105
What is the remainder when 335417 is divided by 47752?
1153
What is the remainder when 8413238 is divided by 40?
38
Calculate the remainder when 4542331 is divided by 504695.
76
Calculate the remainder when 6199 is divided by 772.
23
Calculate the remainder when 2630085 is divided by 85.
15
Calculate the remainder when 46100 is divided by 3823.
224
Calculate the remainder when 113949 is divided by 334.
55
What is the remainder when 122751314 is divided by 28?
14
What is the remainder when 331579 is divided by 33151?
69
Calculate the remainder when 1546077 is divided by 371.
120
Calculate the remainder when 2912220 is divided by 194092.
840
What is the remainder when 113459 is divided by 2064?
2003
What is the remainder when 427390 is divided by 142376?
262
Calculate the remainder when 65604 is divided by 64908.
696
Calculate the remainder when 3855 is divided by 60.
15
What is the remainder when 9347778 is divided by 9347775?
3
Calculate the remainder when 5245005 is divided by 24.
21
What is the remainder when 1334320 is divided by 7?
1
Calculate the remainder when 3238566 is divided by 733.
172
Calculate the remainder when 1883428 is divided by 203.
197
Calculate the remainder when 159765 is divided by 22813.
74
What is the remainder when 1165053 is divided by 8630?
3
Calculate the remainder when 29405876 is divided by 12371.
9
Calculate the remainder when 127234 is divided by 17965.
1479
What is the remainder when 7274710 is divided by 16762?
2
Calculate the remainder when 105984607 is divided by 7884.
7879
What is the remainder when 29600 is divided by 212?
132
Calculate the remainder when 659384 is divided by 109839.
350
What is the remainder when 4230866 is divided by 2191?
45
What is the remainder when 109067848 is divided by 1557?
1555
Calculate the remainder when 94165 is divided by 13437.
106
Calculate the remainder when 15735635 is divided by 64227.
20
Calculate the remainder when 1970635 is divided by 719.
575
What is the remainder when 31453 is divided by 11?
4
What is the remainder when 19543799 is divided by 300?
299
Calculate the remainder when 451089 is divided by 29.
23
Calculate the remainder when 427577 is divided by 33.
29
What is the remainder when 34809 is divided by 112?
89
What is the remainder when 2812150 is divided by 112485?
25
What is the remainder when 33013526 is divided by 91?
0
What is the remainder when 14055007 is divided by 121?
10
Calculate the remainder when 84209 is divided by 21044.
33
What is the remainder when 170049 is divided by 42487?
101
What is the remainder when 201041 is divided by 100426?
189
What is the remainder when 15671194 is divided by 691?
5
What is the remainder when 56725 is divided by 14119?
249
Calculate the remainder when 569 is divided by 178.
35
What is the remainder when 455033 is divided by 536?
505
Calculate the remainder when 892502 is divided by 540.
422
What is the remainder when 205992 is divided by 68539?
375
What is the remainder when 145402651 is divided by 102?
19
What is the remainder when 261777 is divided by 43581?
291
What is the remainder when 1948826 is divided by 974332?
162
Calculate the remainder when 1122776 is divided by 224549.
31
Calculate the remainder when 396321037 is divided by 181.
179
What is the remainder when 1743989 is divided by 4262?
831
What is the remainder when 72136 is divided by 1187?
916
What is the remainder when 3889573 is divided by 23420?
1853
What is the remainder when 9649689 is divided by 234?
231
What is the remainder when 16057081 is divided by 248?
73
What is the remainder when 119747 is divided by 61?
4
Calculate the remainder when 54848 is divided by 281.
53
Calculate the remainder when 1422492 is divided by 61788.
1368
Calculate the remainder when 9459 is divided by 575.
259
Calculate the remainder when 4974598 is divided by 606.
550
What is the remainder when 59830 is divided by 144?
70
Calculate the remainder when 95408 is divided by 2074.
4
What is the remainder when 649088 is divided by 324466?
156
Calculate the remainder when 430954493 is divided by 11.
2
What is the remainder when 224288273 is divided by 4913?
4910
Calculate the remainder when 114687566 is divided by 1991.
1984
What is the remainder when 128473 is divided by 1945?
103
What is the remainder when 82506472 is divided by 34?
32
Calculate the remainder when 12222719 is divided by 3739.
3667
What is the remainder when 121618 is divided by 668?
42
What is the remainder when 698848 is divided by 807?
793
Calculate the remainder when 179715525 is divided by 64.
5
Calculate the remainder when 757893 is divided by 21052.
21
Calc